{"id":34,"date":"2014-12-04T13:05:07","date_gmt":"2014-12-04T11:05:07","guid":{"rendered":"http:\/\/www.varastokirjasto.fi\/kam\/?page_id=34"},"modified":"2017-10-25T09:00:26","modified_gmt":"2017-10-25T09:00:26","slug":"arkisto","status":"publish","type":"page","link":"https:\/\/musiikkiarkisto.fi\/kam\/tarkoitus-ja-tehtavat\/tapahtumakalenteri\/arkisto\/","title":{"rendered":"Arkisto"},"content":{"rendered":"<h3>28.1.2011 \u201dSulle salaisuuden kertoa m\u00e4 voisin\u2026?\u201d \u2013 julkisuus ja tietosuoja muistiorganisaatioille<\/h3>\n<ul>\n<li><a href=\"https:\/\/musiikkiarkisto.fi\/kam\/wp-content\/uploads\/2017\/10\/KAMjulkisuuspa\u0308iva\u0308_Heikkinen.pdf\">P\u00e4\u00e4sy informaatioon: tietosuoja ja julkisuus, Pekka Heikkinen, Lakimies, Kansalliskirjasto<\/a><\/li>\n<li><a href=\"https:\/\/musiikkiarkisto.fi\/kam\/wp-content\/uploads\/2017\/10\/Aarnio.pdf\">Kulttuuriperint\u00f6 verkottuu \u2013 ent\u00e4 tietosuoja?, Reijo Aarnio, tietosuojavaltuutettu<\/a><\/li>\n<li><a href=\"https:\/\/musiikkiarkisto.fi\/kam\/wp-content\/uploads\/2017\/10\/Vainio.pdf\">Yksil\u00f6nsuoja vai tutkimuksen vapaus, Niklas Vainio, filosofi ja lakimies<\/a><\/li>\n<li><a href=\"https:\/\/musiikkiarkisto.fi\/kam\/wp-content\/uploads\/2017\/10\/Hoikka.pdf\">Viestinn\u00e4n vapaus ja muistiorganisaatioiden vastuu, Mikko Hoikka, lakimies, Viestinn\u00e4n Keskusliitto<\/a><\/li>\n<li><a href=\"https:\/\/musiikkiarkisto.fi\/kam\/wp-content\/uploads\/2017\/10\/Kurkela.pdf\">Menneisyyden ja tulevaisuuden \u00e4\u00e4ni \u2013 audiovisuaaliset kokoelmat, Vesa Kurkela, Populaarimusiikin professori, Sibelius Akatemia<\/a><\/li>\n<li><a href=\"https:\/\/musiikkiarkisto.fi\/kam\/wp-content\/uploads\/2017\/10\/JulkaisuusKAM_Still.pdf\">Kansallinen digitaalinen kirjasto, OKM:n linjauksia julkisuuskysymyksiss\u00e4, Viveca Still, tekij\u00e4noikeusneuvos, OKM<\/a><\/li>\n<\/ul>\n<h3>\u00a07.12.2009<small> <\/small><span lang=\"EN-US\">Sopimuslisenssit &#8211; olennainen osa tekij\u00e4noikeuss\u00e4\u00e4d\u00f6ksi\u00e4?<\/span><\/h3>\n<ul>\n<li><span lang=\"FI\">Lakiasiainjohtaja, Teosto ry.\u00a0<b>Martti Kivist\u00f6<\/b>,\u00a0<a href=\"https:\/\/musiikkiarkisto.fi\/kam\/wp-content\/uploads\/2017\/10\/kivisto.ppt\">Sopimuslisenssi Suomen tekij\u00e4noikeuslain mukaan<\/a><\/span><\/li>\n<li>Hallitusneuvos, OPM <strong>Jorma Walden<\/strong>,\u00a0<a href=\"https:\/\/musiikkiarkisto.fi\/kam\/wp-content\/uploads\/2017\/10\/walden.pdf\">Orvot teokset<\/a><\/li>\n<li><span lang=\"FI\">Museovirasto<\/span> <b>Vesa Hongisto<\/b>,\u00a0<a href=\"https:\/\/musiikkiarkisto.fi\/kam\/wp-content\/uploads\/2017\/10\/hongisto.pdf\">Kansallinen digitaalinen kirjasto, kirjastot, arkistot ja museot tiedon tuottajina ja v\u00e4litt\u00e4jin\u00e4<\/a><\/li>\n<li>Kirjastot, arkistot ja museot tiedon kiasmassa:<br \/>\n<b>Tuula H\u00e4m\u00e4l\u00e4inen<\/b>, Valtion taidemuseo,\u00a0<a href=\"https:\/\/musiikkiarkisto.fi\/kam\/wp-content\/uploads\/2017\/10\/tuikku.ppt\">Power Point<\/a><br \/>\n<b>Pekka Heikkinen<\/b>, Kansalliskirjasto,\u00a0<a href=\"https:\/\/musiikkiarkisto.fi\/kam\/wp-content\/uploads\/2017\/10\/pekka2.ppt\">Power Point<\/a><\/li>\n<\/ul>\n<h3>5.6.2009 Keskustelutilaisuus kirjastojen, arkistojen ja museoiden juridisen yhteisty\u00f6n tehostamisesta<br \/>\n<small>&#8221;EI OIKEUTTA MAASSA SAA, KEN ITSE SIT EI HANKI&#8230;<\/small><\/h3>\n<ul>\n<li><a href=\"https:\/\/musiikkiarkisto.fi\/kam\/wp-content\/uploads\/2017\/10\/kaukonen.pdf\">Aiempia kokemuksia yhteisty\u00f6st\u00e4, e-KAM, erikoissuunnittelija Minna Kaukonen, Kansalliskirjasto<\/a><\/li>\n<li><a href=\"https:\/\/musiikkiarkisto.fi\/kam\/wp-content\/uploads\/2017\/10\/karvonen.pdf\">Yhteisty\u00f6n uusi vaihe: KDK-hanke, p\u00e4\u00e4sihteeri Minna Karvonen, Opetusministeri\u00f6<\/a><\/li>\n<li><a href=\"https:\/\/musiikkiarkisto.fi\/kam\/wp-content\/uploads\/2017\/10\/still.pdf\">Muistirganisaatioiden toiminnan s\u00e4\u00e4d\u00f6spohjasta, tekij\u00e4noikeusneuvos Viveca Still, Opetusministeri\u00f6<\/a><\/li>\n<li><a href=\"https:\/\/musiikkiarkisto.fi\/kam\/wp-content\/uploads\/2017\/10\/kam5.pdf\">Matleena Haapalan muistio tilaisuudesta<\/a><\/li>\n<\/ul>\n","protected":false},"excerpt":{"rendered":"<p>28.1.2011 \u201dSulle salaisuuden kertoa m\u00e4 voisin\u2026?\u201d \u2013 julkisuus ja tietosuoja muistiorganisaatioille P\u00e4\u00e4sy informaatioon: tietosuoja ja julkisuus, Pekka Heikkinen, Lakimies, Kansalliskirjasto Kulttuuriperint\u00f6 verkottuu \u2013 ent\u00e4 tietosuoja?, Reijo Aarnio, tietosuojavaltuutettu Yksil\u00f6nsuoja vai tutkimuksen vapaus, Niklas Vainio, filosofi ja lakimies Viestinn\u00e4n vapaus ja muistiorganisaatioiden vastuu, Mikko Hoikka, lakimies, Viestinn\u00e4n Keskusliitto Menneisyyden ja tulevaisuuden \u00e4\u00e4ni \u2013 audiovisuaaliset kokoelmat, Vesa [&hellip;]<\/p>\n","protected":false},"author":1,"featured_media":0,"parent":31,"menu_order":8,"comment_status":"closed","ping_status":"closed","template":"","meta":{"footnotes":""},"class_list":["post-34","page","type-page","status-publish","hentry"],"_links":{"self":[{"href":"https:\/\/musiikkiarkisto.fi\/kam\/wp-json\/wp\/v2\/pages\/34","targetHints":{"allow":["GET"]}}],"collection":[{"href":"https:\/\/musiikkiarkisto.fi\/kam\/wp-json\/wp\/v2\/pages"}],"about":[{"href":"https:\/\/musiikkiarkisto.fi\/kam\/wp-json\/wp\/v2\/types\/page"}],"author":[{"embeddable":true,"href":"https:\/\/musiikkiarkisto.fi\/kam\/wp-json\/wp\/v2\/users\/1"}],"replies":[{"embeddable":true,"href":"https:\/\/musiikkiarkisto.fi\/kam\/wp-json\/wp\/v2\/comments?post=34"}],"version-history":[{"count":4,"href":"https:\/\/musiikkiarkisto.fi\/kam\/wp-json\/wp\/v2\/pages\/34\/revisions"}],"predecessor-version":[{"id":279,"href":"https:\/\/musiikkiarkisto.fi\/kam\/wp-json\/wp\/v2\/pages\/34\/revisions\/279"}],"up":[{"embeddable":true,"href":"https:\/\/musiikkiarkisto.fi\/kam\/wp-json\/wp\/v2\/pages\/31"}],"wp:attachment":[{"href":"https:\/\/musiikkiarkisto.fi\/kam\/wp-json\/wp\/v2\/media?parent=34"}],"curies":[{"name":"wp","href":"https:\/\/api.w.org\/{rel}","templated":true}]}}