{"id":49,"date":"2011-07-08T03:45:08","date_gmt":"2011-07-08T03:45:08","guid":{"rendered":"http:\/\/www.archives.local\/?page_id=49"},"modified":"2025-11-04T04:15:24","modified_gmt":"2025-11-04T04:15:24","slug":"vuoden-arkistoteko","status":"publish","type":"page","link":"https:\/\/musiikkiarkisto.fi\/ap\/index.php\/vuoden-arkistoteko\/","title":{"rendered":"Vuoden arkistoteko"},"content":{"rendered":"<div class=\"wp-block-image\">\n<figure class=\"alignleft\"><img loading=\"lazy\" decoding=\"async\" width=\"911\" height=\"1200\" src=\"https:\/\/musiikkiarkisto.fi\/ap\/wp-content\/uploads\/2018\/10\/sls_445_sls_445_13.jpg\" alt=\"SLS_445_SLS_445_13\" class=\"wp-image-635\" srcset=\"https:\/\/musiikkiarkisto.fi\/ap\/wp-content\/uploads\/2018\/10\/sls_445_sls_445_13.jpg 911w, https:\/\/musiikkiarkisto.fi\/ap\/wp-content\/uploads\/2018\/10\/sls_445_sls_445_13-228x300.jpg 228w, https:\/\/musiikkiarkisto.fi\/ap\/wp-content\/uploads\/2018\/10\/sls_445_sls_445_13-777x1024.jpg 777w, https:\/\/musiikkiarkisto.fi\/ap\/wp-content\/uploads\/2018\/10\/sls_445_sls_445_13-768x1012.jpg 768w\" sizes=\"auto, (max-width: 911px) 100vw, 911px\" \/><\/figure>\n<\/div>\n\n\n<p>Vuoden arkistoteko on vuonna 2004 aloitettu tempaus, jolla halutaan nostaa esille arkistojen kannalta t\u00e4rkeit\u00e4 tekoja rohkaisemalla ja palkitsemalla aktiivisuutta, hyvi\u00e4 ideoita ja konkreettista arkistoty\u00f6t\u00e4. Ty\u00f6ryhm\u00e4 toivoo vilkasta osanottoa ja runsaasti ehdotuksia merkitt\u00e4v\u00e4st\u00e4 tai t\u00e4rke\u00e4st\u00e4 arkistoteosta ja mahdollisista kunniamaininnoista.&nbsp; My\u00f6s pienet mutta hyv\u00e4t teot ovat mainitsemisen arvoisia!<\/p>\n\n\n\n<p>Vaikuta ja ehdota! Kysymykseen voi tulla henkil\u00f6t tai ryhm\u00e4t, jotka ovat viimeisen vuoden aikana esim.<\/p>\n\n\n\n<p>\u2022&nbsp;&nbsp; &nbsp;luovuttaneet merkitt\u00e4v\u00e4\u00e4 arkistoaineistoa<br>\n\u2022&nbsp;&nbsp; &nbsp;j\u00e4rjest\u00e4neet kiinnostavan arkistoihin liittyv\u00e4n tapahtuman<br>\n\u2022&nbsp;&nbsp; &nbsp;kehitt\u00e4neet arkistoty\u00f6n menetelmi\u00e4<br>\n\u2022&nbsp;&nbsp; &nbsp;edist\u00e4neet arkistoaineiston k\u00e4ytett\u00e4vyytt\u00e4 ja tunnettavuutta<br>\n\u2022&nbsp;&nbsp; &nbsp;edist\u00e4neet arkistotieteellist\u00e4 tutkimusta tai koulutusta<br>\n\u2022&nbsp;&nbsp; &nbsp;tehneet arkistoalaa tunnetuksi<\/p>\n\n\n\n<p><a href=\"https:\/\/musiikkiarkisto.fi\/ap\/index.php\/2025\/11\/01\/vuoden-arkistoteko-2025-palkinnot-on-jaettu\/\" data-type=\"post\" data-id=\"1326\">Vuoden arkistoteko -palkinnot 2025 on jaettu<\/a><\/p>\n\n\n\n<p><a href=\"https:\/\/musiikkiarkisto.fi\/ap\/index.php\/pohjoismainen-arkistojen-paiva\/arkistoteko-voittajat\/\">Aikaisemmat voittajat<\/a><\/p>\n\n\n\n<p><a href=\"https:\/\/musiikkiarkisto.fi\/ap\/index.php\/pohjoismainen-arkistojen-paiva\/kuvat\/\">Kuvia aikaisemmista voittajista<\/a><\/p>\n\n\n\n<p><em>Kuva: Maximilian Stejskal 1932. SLS 445. Svenska litteraturs\u00e4llskapet i Finland.<\/em><\/p>\n","protected":false},"excerpt":{"rendered":"<p>Vuoden arkistoteko on vuonna 2004 aloitettu tempaus, jolla halutaan nostaa esille arkistojen kannalta t\u00e4rkeit\u00e4 tekoja rohkaisemalla ja palkitsemalla aktiivisuutta, hyvi\u00e4 ideoita ja konkreettista arkistoty\u00f6t\u00e4. Ty\u00f6ryhm\u00e4 toivoo vilkasta osanottoa ja runsaasti ehdotuksia merkitt\u00e4v\u00e4st\u00e4 tai t\u00e4rke\u00e4st\u00e4 arkistoteosta ja mahdollisista kunniamaininnoista.&nbsp; My\u00f6s pienet mutta hyv\u00e4t teot ovat mainitsemisen arvoisia! Vaikuta ja ehdota! Kysymykseen voi tulla henkil\u00f6t tai ryhm\u00e4t, [&hellip;]<\/p>\n","protected":false},"author":1,"featured_media":0,"parent":0,"menu_order":0,"comment_status":"closed","ping_status":"closed","template":"","meta":{"footnotes":""},"class_list":["post-49","page","type-page","status-publish","hentry"],"_links":{"self":[{"href":"https:\/\/musiikkiarkisto.fi\/ap\/index.php\/wp-json\/wp\/v2\/pages\/49","targetHints":{"allow":["GET"]}}],"collection":[{"href":"https:\/\/musiikkiarkisto.fi\/ap\/index.php\/wp-json\/wp\/v2\/pages"}],"about":[{"href":"https:\/\/musiikkiarkisto.fi\/ap\/index.php\/wp-json\/wp\/v2\/types\/page"}],"author":[{"embeddable":true,"href":"https:\/\/musiikkiarkisto.fi\/ap\/index.php\/wp-json\/wp\/v2\/users\/1"}],"replies":[{"embeddable":true,"href":"https:\/\/musiikkiarkisto.fi\/ap\/index.php\/wp-json\/wp\/v2\/comments?post=49"}],"version-history":[{"count":22,"href":"https:\/\/musiikkiarkisto.fi\/ap\/index.php\/wp-json\/wp\/v2\/pages\/49\/revisions"}],"predecessor-version":[{"id":1338,"href":"https:\/\/musiikkiarkisto.fi\/ap\/index.php\/wp-json\/wp\/v2\/pages\/49\/revisions\/1338"}],"wp:attachment":[{"href":"https:\/\/musiikkiarkisto.fi\/ap\/index.php\/wp-json\/wp\/v2\/media?parent=49"}],"curies":[{"name":"wp","href":"https:\/\/api.w.org\/{rel}","templated":true}]}}

<div class="wp-block-image">
<figure class="alignleft"><img loading="lazy" decoding="async" width="911" height="1200" src="https://musiikkiarkisto.fi/ap/wp-content/uploads/2018/10/sls_445_sls_445_13.jpg" alt="SLS_445_SLS_445_13" class="wp-image-635" srcset="https://musiikkiarkisto.fi/ap/wp-content/uploads/2018/10/sls_445_sls_445_13.jpg 911w, https://musiikkiarkisto.fi/ap/wp-content/uploads/2018/10/sls_445_sls_445_13-228x300.jpg 228w, https://musiikkiarkisto.fi/ap/wp-content/uploads/2018/10/sls_445_sls_445_13-777x1024.jpg 777w, https://musiikkiarkisto.fi/ap/wp-content/uploads/2018/10/sls_445_sls_445_13-768x1012.jpg 768w" sizes="auto, (max-width: 911px) 100vw, 911px" /></figure>
</div>


<p>Vuoden arkistoteko on vuonna 2004 aloitettu tempaus, jolla halutaan nostaa esille arkistojen kannalta tärkeitä tekoja rohkaisemalla ja palkitsemalla aktiivisuutta, hyviä ideoita ja konkreettista arkistotyötä. Työryhmä toivoo vilkasta osanottoa ja runsaasti ehdotuksia merkittävästä tai tärkeästä arkistoteosta ja mahdollisista kunniamaininnoista.&nbsp; Myös pienet mutta hyvät teot ovat mainitsemisen arvoisia!</p>



<p>Vaikuta ja ehdota! Kysymykseen voi tulla henkilöt tai ryhmät, jotka ovat viimeisen vuoden aikana esim.</p>



<p>•&nbsp;&nbsp; &nbsp;luovuttaneet merkittävää arkistoaineistoa<br>
•&nbsp;&nbsp; &nbsp;järjestäneet kiinnostavan arkistoihin liittyvän tapahtuman<br>
•&nbsp;&nbsp; &nbsp;kehittäneet arkistotyön menetelmiä<br>
•&nbsp;&nbsp; &nbsp;edistäneet arkistoaineiston käytettävyyttä ja tunnettavuutta<br>
•&nbsp;&nbsp; &nbsp;edistäneet arkistotieteellistä tutkimusta tai koulutusta<br>
•&nbsp;&nbsp; &nbsp;tehneet arkistoalaa tunnetuksi</p>



<p><a href="https://musiikkiarkisto.fi/ap/index.php/2025/11/01/vuoden-arkistoteko-2025-palkinnot-on-jaettu/" data-type="post" data-id="1326">Vuoden arkistoteko -palkinnot 2025 on jaettu</a></p>



<p><a href="https://musiikkiarkisto.fi/ap/index.php/pohjoismainen-arkistojen-paiva/arkistoteko-voittajat/">Aikaisemmat voittajat</a></p>



<p><a href="https://musiikkiarkisto.fi/ap/index.php/pohjoismainen-arkistojen-paiva/kuvat/">Kuvia aikaisemmista voittajista</a></p>



<p><em>Kuva: Maximilian Stejskal 1932. SLS 445. Svenska litteratursällskapet i Finland.</em></p>

<p>Vuoden arkistoteko on vuonna 2004 aloitettu tempaus, jolla halutaan nostaa esille arkistojen kannalta tärkeitä tekoja rohkaisemalla ja palkitsemalla aktiivisuutta, hyviä ideoita ja konkreettista arkistotyötä. Työryhmä toivoo vilkasta osanottoa ja runsaasti ehdotuksia merkittävästä tai tärkeästä arkistoteosta ja mahdollisista kunniamaininnoista.&nbsp; Myös pienet mutta hyvät teot ovat mainitsemisen arvoisia! Vaikuta ja ehdota! Kysymykseen voi tulla henkilöt tai ryhmät, [&hellip;]</p>
