{"id":476,"date":"2017-09-27T13:02:25","date_gmt":"2017-09-27T10:02:25","guid":{"rendered":"https:\/\/arkistojenpaiva.wordpress.com\/?page_id=476"},"modified":"2025-08-18T13:09:13","modified_gmt":"2025-08-18T13:09:13","slug":"arets-tema-finland-100","status":"publish","type":"page","link":"https:\/\/musiikkiarkisto.fi\/ap\/index.php\/arets-tema-finland-100\/","title":{"rendered":"\u00c5rets tema"},"content":{"rendered":"<div class=\"wp-block-image\">\n<figure class=\"aligncenter\"><img loading=\"lazy\" decoding=\"async\" width=\"1066\" height=\"1000\" src=\"https:\/\/musiikkiarkisto.fi\/ap\/wp-content\/uploads\/2022\/06\/rauhanmarssi1962iso.jpg\" alt=\"Rauhanmarssi 1962\" class=\"wp-image-1130\" srcset=\"https:\/\/musiikkiarkisto.fi\/ap\/wp-content\/uploads\/2022\/06\/rauhanmarssi1962iso.jpg 1066w, https:\/\/musiikkiarkisto.fi\/ap\/wp-content\/uploads\/2022\/06\/rauhanmarssi1962iso-300x281.jpg 300w, https:\/\/musiikkiarkisto.fi\/ap\/wp-content\/uploads\/2022\/06\/rauhanmarssi1962iso-1024x961.jpg 1024w, https:\/\/musiikkiarkisto.fi\/ap\/wp-content\/uploads\/2022\/06\/rauhanmarssi1962iso-768x720.jpg 768w\" sizes=\"auto, (max-width: 1066px) 100vw, 1066px\" \/><\/figure>\n<\/div>\n\n\n<p><em>Rauhanmarssi (1962), Kuva: Yrj\u00f6 Lintunen. Kansan Arkisto KansA135135.<\/em><\/p>\n\n\n\n<h4 class=\"wp-block-heading\"><strong>Temat f\u00f6r Arkivens dag 2025 \u00e4r <strong>Natur och friluftsliv<\/strong><\/strong>.<strong> <\/strong><\/h4>\n\n\n\n<p>Temat kan tolkas brett och anpassas fritt enligt egna utg\u00e5ngspunkter. \u00c5rets tema kan tas upp b\u00e5de ur materialets synvinkel och ur arkivets egen verksamhet. Endast fantasin s\u00e4tter gr\u00e4nser!<\/p>\n\n\n\n<p>Arkivens dag firas den andra l\u00f6rdagen i november. Tidpunkten \u00e4r inte bindande \u2013 dagen kan alldeles bra firas till exempel under en vardag veckan f\u00f6re eller den efterf\u00f6ljande veckan.<\/p>\n\n\n\n<h5 class=\"wp-block-heading\"><strong>Tidigare teman<\/strong><\/h5>\n\n\n\n<p><br><strong>1998<\/strong>\u00a0Arkivens Dag<\/p>\n\n\n\n<p><strong>1999<\/strong>&nbsp;M\u00e4nniskor i sekelsiftet<\/p>\n\n\n\n<p><strong>2000<\/strong>&nbsp;Skola, folkbildning, utbildning<\/p>\n\n\n\n<p><strong>2001<\/strong>&nbsp;K\u00e4rlek i arkiven<\/p>\n\n\n\n<p><strong>2002<\/strong>&nbsp;Skandaler<\/p>\n\n\n\n<p><strong>2003<\/strong>&nbsp;Idrott, kultur och h\u00e4lsa<\/p>\n\n\n\n<p><strong>2004<\/strong>&nbsp;Offentliga platser<\/p>\n\n\n\n<p><strong>2005<\/strong>&nbsp;Identitet<\/p>\n\n\n\n<p><strong>2006<\/strong>&nbsp;Demokrati och\/eller invandrare<\/p>\n\n\n\n<p><strong>2007<\/strong>&nbsp;M\u00e4nniskan i arkivet<\/p>\n\n\n\n<p><strong>2008<\/strong>&nbsp;Bilden i f\u00f6r\u00e4ndring<\/p>\n\n\n\n<p><strong>2009<\/strong>&nbsp;Gl\u00f6mska<\/p>\n\n\n\n<p><strong>2010<\/strong>&nbsp;V\u00e4der och klimat<\/p>\n\n\n\n<p><strong>2011&nbsp;<\/strong>\u00d6ppenhet<\/p>\n\n\n\n<p><strong>2012<\/strong> Form och format<\/p>\n\n\n\n<p><strong>2013 <\/strong>En resa i arkiven<\/p>\n\n\n\n<p><strong>2014<\/strong> K\u00e4nslor<\/p>\n\n\n\n<p><strong>2015<\/strong> Gr\u00e4nsl\u00f6st<\/p>\n\n\n\n<p><strong>2016<\/strong> Yttrandefrihet<\/p>\n\n\n\n<p><strong>2017<\/strong> Finland 100<\/p>\n\n\n\n<p><strong>2018<\/strong> Arkiven, v\u00e5rt gemensamma kulturarv<\/p>\n\n\n\n<p><strong>2019<\/strong> G\u00f6mt eller gl\u00f6mt<\/p>\n\n\n\n<p><strong>2020<\/strong> Epidemier<\/p>\n\n\n\n<p><strong>2021<\/strong> Barn I arkivet<\/p>\n\n\n\n<p><strong>2022<\/strong> Fred och v\u00e4nskap<\/p>\n\n\n\n<p><strong>2023<\/strong> Arkivet och djur<\/p>\n\n\n\n<p><strong>2024<\/strong> Arkivet och h\u00e5llbar utveckling<\/p>\n","protected":false},"excerpt":{"rendered":"<p>Rauhanmarssi (1962), Kuva: Yrj\u00f6 Lintunen. Kansan Arkisto KansA135135. Temat f\u00f6r Arkivens dag 2025 \u00e4r Natur och friluftsliv. Temat kan tolkas brett och anpassas fritt enligt egna utg\u00e5ngspunkter. \u00c5rets tema kan tas upp b\u00e5de ur materialets synvinkel och ur arkivets egen verksamhet. Endast fantasin s\u00e4tter gr\u00e4nser! Arkivens dag firas den andra l\u00f6rdagen i november. Tidpunkten \u00e4r [&hellip;]<\/p>\n","protected":false},"author":1,"featured_media":0,"parent":0,"menu_order":0,"comment_status":"closed","ping_status":"closed","template":"","meta":{"footnotes":""},"class_list":["post-476","page","type-page","status-publish","hentry"],"_links":{"self":[{"href":"https:\/\/musiikkiarkisto.fi\/ap\/index.php\/wp-json\/wp\/v2\/pages\/476","targetHints":{"allow":["GET"]}}],"collection":[{"href":"https:\/\/musiikkiarkisto.fi\/ap\/index.php\/wp-json\/wp\/v2\/pages"}],"about":[{"href":"https:\/\/musiikkiarkisto.fi\/ap\/index.php\/wp-json\/wp\/v2\/types\/page"}],"author":[{"embeddable":true,"href":"https:\/\/musiikkiarkisto.fi\/ap\/index.php\/wp-json\/wp\/v2\/users\/1"}],"replies":[{"embeddable":true,"href":"https:\/\/musiikkiarkisto.fi\/ap\/index.php\/wp-json\/wp\/v2\/comments?post=476"}],"version-history":[{"count":15,"href":"https:\/\/musiikkiarkisto.fi\/ap\/index.php\/wp-json\/wp\/v2\/pages\/476\/revisions"}],"predecessor-version":[{"id":1315,"href":"https:\/\/musiikkiarkisto.fi\/ap\/index.php\/wp-json\/wp\/v2\/pages\/476\/revisions\/1315"}],"wp:attachment":[{"href":"https:\/\/musiikkiarkisto.fi\/ap\/index.php\/wp-json\/wp\/v2\/media?parent=476"}],"curies":[{"name":"wp","href":"https:\/\/api.w.org\/{rel}","templated":true}]}}

Årets tema

<div class="wp-block-image">
<figure class="aligncenter"><img loading="lazy" decoding="async" width="1066" height="1000" src="https://musiikkiarkisto.fi/ap/wp-content/uploads/2022/06/rauhanmarssi1962iso.jpg" alt="Rauhanmarssi 1962" class="wp-image-1130" srcset="https://musiikkiarkisto.fi/ap/wp-content/uploads/2022/06/rauhanmarssi1962iso.jpg 1066w, https://musiikkiarkisto.fi/ap/wp-content/uploads/2022/06/rauhanmarssi1962iso-300x281.jpg 300w, https://musiikkiarkisto.fi/ap/wp-content/uploads/2022/06/rauhanmarssi1962iso-1024x961.jpg 1024w, https://musiikkiarkisto.fi/ap/wp-content/uploads/2022/06/rauhanmarssi1962iso-768x720.jpg 768w" sizes="auto, (max-width: 1066px) 100vw, 1066px" /></figure>
</div>


<p><em>Rauhanmarssi (1962), Kuva: Yrjö Lintunen. Kansan Arkisto KansA135135.</em></p>



<h4 class="wp-block-heading"><strong>Temat för Arkivens dag 2025 är <strong>Natur och friluftsliv</strong></strong>.<strong> </strong></h4>



<p>Temat kan tolkas brett och anpassas fritt enligt egna utgångspunkter. Årets tema kan tas upp både ur materialets synvinkel och ur arkivets egen verksamhet. Endast fantasin sätter gränser!</p>



<p>Arkivens dag firas den andra lördagen i november. Tidpunkten är inte bindande – dagen kan alldeles bra firas till exempel under en vardag veckan före eller den efterföljande veckan.</p>



<h5 class="wp-block-heading"><strong>Tidigare teman</strong></h5>



<p><br><strong>1998</strong> Arkivens Dag</p>



<p><strong>1999</strong>&nbsp;Människor i sekelsiftet</p>



<p><strong>2000</strong>&nbsp;Skola, folkbildning, utbildning</p>



<p><strong>2001</strong>&nbsp;Kärlek i arkiven</p>



<p><strong>2002</strong>&nbsp;Skandaler</p>



<p><strong>2003</strong>&nbsp;Idrott, kultur och hälsa</p>



<p><strong>2004</strong>&nbsp;Offentliga platser</p>



<p><strong>2005</strong>&nbsp;Identitet</p>



<p><strong>2006</strong>&nbsp;Demokrati och/eller invandrare</p>



<p><strong>2007</strong>&nbsp;Människan i arkivet</p>



<p><strong>2008</strong>&nbsp;Bilden i förändring</p>



<p><strong>2009</strong>&nbsp;Glömska</p>



<p><strong>2010</strong>&nbsp;Väder och klimat</p>



<p><strong>2011&nbsp;</strong>Öppenhet</p>



<p><strong>2012</strong> Form och format</p>



<p><strong>2013 </strong>En resa i arkiven</p>



<p><strong>2014</strong> Känslor</p>



<p><strong>2015</strong> Gränslöst</p>



<p><strong>2016</strong> Yttrandefrihet</p>



<p><strong>2017</strong> Finland 100</p>



<p><strong>2018</strong> Arkiven, vårt gemensamma kulturarv</p>



<p><strong>2019</strong> Gömt eller glömt</p>



<p><strong>2020</strong> Epidemier</p>



<p><strong>2021</strong> Barn I arkivet</p>



<p><strong>2022</strong> Fred och vänskap</p>



<p><strong>2023</strong> Arkivet och djur</p>



<p><strong>2024</strong> Arkivet och hållbar utveckling</p>

<p>Rauhanmarssi (1962), Kuva: Yrjö Lintunen. Kansan Arkisto KansA135135. Temat för Arkivens dag 2025 är Natur och friluftsliv. Temat kan tolkas brett och anpassas fritt enligt egna utgångspunkter. Årets tema kan tas upp både ur materialets synvinkel och ur arkivets egen verksamhet. Endast fantasin sätter gränser! Arkivens dag firas den andra lördagen i november. Tidpunkten är [&hellip;]</p>
