{"id":30,"date":"2011-07-06T03:45:36","date_gmt":"2011-07-06T03:45:36","guid":{"rendered":"http:\/\/www.archives.local\/?page_id=14"},"modified":"2023-08-21T05:00:12","modified_gmt":"2023-08-21T05:00:12","slug":"kuvat","status":"publish","type":"page","link":"https:\/\/musiikkiarkisto.fi\/ap\/index.php\/kuvat\/","title":{"rendered":"Kuvat"},"content":{"rendered":"\n<p>Palkinnonsaajat 2022<\/p>\n\n\n\n<figure class=\"wp-block-image size-large\"><img loading=\"lazy\" decoding=\"async\" width=\"1024\" height=\"781\" src=\"https:\/\/musiikkiarkisto.fi\/ap\/wp-content\/uploads\/2022\/11\/20221111_142544-01-1024x781.jpeg\" alt=\"\" class=\"wp-image-1151\" srcset=\"https:\/\/musiikkiarkisto.fi\/ap\/wp-content\/uploads\/2022\/11\/20221111_142544-01-1024x781.jpeg 1024w, https:\/\/musiikkiarkisto.fi\/ap\/wp-content\/uploads\/2022\/11\/20221111_142544-01-300x229.jpeg 300w, https:\/\/musiikkiarkisto.fi\/ap\/wp-content\/uploads\/2022\/11\/20221111_142544-01-768x586.jpeg 768w, https:\/\/musiikkiarkisto.fi\/ap\/wp-content\/uploads\/2022\/11\/20221111_142544-01-1536x1171.jpeg 1536w, https:\/\/musiikkiarkisto.fi\/ap\/wp-content\/uploads\/2022\/11\/20221111_142544-01-2048x1562.jpeg 2048w, https:\/\/musiikkiarkisto.fi\/ap\/wp-content\/uploads\/2022\/11\/20221111_142544-01-1200x915.jpeg 1200w, https:\/\/musiikkiarkisto.fi\/ap\/wp-content\/uploads\/2022\/11\/20221111_142544-01-1980x1510.jpeg 1980w\" sizes=\"auto, (max-width: 1024px) 100vw, 1024px\" \/><figcaption class=\"wp-element-caption\">Kati Saltiola (Xamk), Risto Blomster (SKS), Tuula \u00c5kerlund (Romano Missio), Pia Kara (Romano Missio). Kuvaaja: Mervi Limnell.<\/figcaption><\/figure>\n\n\n\n<p>Palkinnonsaajat 2021<\/p>\n\n\n\n<figure class=\"wp-block-image size-large\"><img decoding=\"async\" src=\"https:\/\/musiikkiarkisto.fi\/ap\/wp-content\/uploads\/2021\/11\/voittajat2021.jpg?w=1024\" alt=\"\" class=\"wp-image-965\"\/><figcaption class=\"wp-element-caption\">Vasemmalta oikealle: Kelan edustaja Mira S. Heiskanen, tutkija Rita Paqval\u00e9n, Kansantalon toiminnanjohtaja Riku Ahola, projektity\u00f6ntekij\u00e4 Anu J\u00e4rvel\u00e4inen ja Kansan Arkiston johtaja Marita Jalkanen. Kuva: Marja Piiroinen-Honkanen<br><\/figcaption><\/figure>\n\n\n\n<p>Palkinnonsaajat 2020<\/p>\n\n\n\n<figure class=\"wp-block-gallery has-nested-images columns-default is-cropped wp-block-gallery-1 is-layout-flex wp-block-gallery-is-layout-flex\">\n<figure class=\"wp-block-image size-large\"><img decoding=\"async\" data-id=\"891\" src=\"https:\/\/musiikkiarkisto.fi\/ap\/wp-content\/uploads\/2020\/10\/perttihakala-2.jpg?w=1024\" alt=\"sdr\" class=\"wp-image-891\"\/><\/figure>\n\n\n\n<figure class=\"wp-block-image size-large\"><img decoding=\"async\" data-id=\"892\" src=\"https:\/\/musiikkiarkisto.fi\/ap\/wp-content\/uploads\/2020\/10\/mattilukkarila-2.jpg?w=1024\" alt=\"dav\" class=\"wp-image-892\"\/><\/figure>\n\n\n\n<figure class=\"wp-block-image size-large\"><img decoding=\"async\" data-id=\"893\" src=\"https:\/\/musiikkiarkisto.fi\/ap\/wp-content\/uploads\/2020\/10\/pekkatahtinen-2.jpg?w=1024\" alt=\"dav\" class=\"wp-image-893\"\/><\/figure>\n<figcaption class=\"blocks-gallery-caption wp-element-caption\">Arkistoyhdistyksen syysseminaari 30.10.2020 zoomin v\u00e4lityksell\u00e4. <br>Vasemmalta Arkistojen p\u00e4iv\u00e4n toimikunnan puheenjohtaja Pertti Hakala, keskell\u00e4 Kavin johtaja Matti Lukkarila ja oikealla Kavin erikoissuunnittelija Pekka T\u00e4htinen.<\/figcaption><\/figure>\n\n\n\n<p><\/p>\n\n\n<p><!--:sv--><\/p>\n<p><!--:--><img loading=\"lazy\" decoding=\"async\" src=\"https:\/\/musiikkiarkisto.fi\/ap\/wp-content\/uploads\/2019\/11\/voittajat2019.jpg\" alt=\"voittajat 2019\" width=\"5184\" height=\"3888\" class=\"alignnone size-full wp-image-821\"><\/p>\n<p>Palkinnonsaajat 2019:<br \/>\nVasemmalta: Ty\u00f6v\u00e4en arkiston johtaja Petri Tanskanen, tutkija Mikko Kosunen ja tutkija Marjaliisa Hentil\u00e4 (Vuoden arkistoteko) sek\u00e4 KAM-juridiikkaryhm\u00e4n edustajat Juha Henriksson ja Jonas L\u00e5ng (kunniamaininta). Kuva: Pirkko Taskinen<\/p>\n<p><img decoding=\"async\" src=\"https:\/\/musiikkiarkisto.fi\/ap\/wp-content\/uploads\/2018\/11\/neljavoittajaa.jpg?w=648\" alt=\"neljavoittajaa\"><\/p>\n<p>Palkinnonsaajat 2018:<br \/>\nVasemmalta: Antti Virrankoski, Joni Krekola ja Jari Suutari Eduskunnan kirjastosta sek\u00e4 kunniamaininnan saaneen projektin edustaja Jussi J\u00e4\u00e4skel\u00e4inen Helsingin kaupunginarkistosta. Kuva: Pekka Anttonen.<\/p>","protected":false},"excerpt":{"rendered":"<p>Palkinnonsaajat 2022 Palkinnonsaajat 2021 Palkinnonsaajat 2020 Palkinnonsaajat 2019: Vasemmalta: Ty\u00f6v\u00e4en arkiston johtaja Petri Tanskanen, tutkija Mikko Kosunen ja tutkija Marjaliisa Hentil\u00e4 (Vuoden arkistoteko) sek\u00e4 KAM-juridiikkaryhm\u00e4n edustajat Juha Henriksson ja Jonas L\u00e5ng (kunniamaininta). Kuva: Pirkko Taskinen Palkinnonsaajat 2018: Vasemmalta: Antti Virrankoski, Joni Krekola ja Jari Suutari Eduskunnan kirjastosta sek\u00e4 kunniamaininnan saaneen projektin edustaja Jussi J\u00e4\u00e4skel\u00e4inen Helsingin [&hellip;]<\/p>\n","protected":false},"author":1,"featured_media":0,"parent":0,"menu_order":0,"comment_status":"closed","ping_status":"closed","template":"page-templates\/grid-page.php","meta":{"footnotes":""},"class_list":["post-30","page","type-page","status-publish","hentry"],"_links":{"self":[{"href":"https:\/\/musiikkiarkisto.fi\/ap\/index.php\/wp-json\/wp\/v2\/pages\/30","targetHints":{"allow":["GET"]}}],"collection":[{"href":"https:\/\/musiikkiarkisto.fi\/ap\/index.php\/wp-json\/wp\/v2\/pages"}],"about":[{"href":"https:\/\/musiikkiarkisto.fi\/ap\/index.php\/wp-json\/wp\/v2\/types\/page"}],"author":[{"embeddable":true,"href":"https:\/\/musiikkiarkisto.fi\/ap\/index.php\/wp-json\/wp\/v2\/users\/1"}],"replies":[{"embeddable":true,"href":"https:\/\/musiikkiarkisto.fi\/ap\/index.php\/wp-json\/wp\/v2\/comments?post=30"}],"version-history":[{"count":4,"href":"https:\/\/musiikkiarkisto.fi\/ap\/index.php\/wp-json\/wp\/v2\/pages\/30\/revisions"}],"predecessor-version":[{"id":1200,"href":"https:\/\/musiikkiarkisto.fi\/ap\/index.php\/wp-json\/wp\/v2\/pages\/30\/revisions\/1200"}],"wp:attachment":[{"href":"https:\/\/musiikkiarkisto.fi\/ap\/index.php\/wp-json\/wp\/v2\/media?parent=30"}],"curies":[{"name":"wp","href":"https:\/\/api.w.org\/{rel}","templated":true}]}}

<p>Palkinnonsaajat 2022</p>



<figure class="wp-block-image size-large"><img loading="lazy" decoding="async" width="1024" height="781" src="https://musiikkiarkisto.fi/ap/wp-content/uploads/2022/11/20221111_142544-01-1024x781.jpeg" alt="" class="wp-image-1151" srcset="https://musiikkiarkisto.fi/ap/wp-content/uploads/2022/11/20221111_142544-01-1024x781.jpeg 1024w, https://musiikkiarkisto.fi/ap/wp-content/uploads/2022/11/20221111_142544-01-300x229.jpeg 300w, https://musiikkiarkisto.fi/ap/wp-content/uploads/2022/11/20221111_142544-01-768x586.jpeg 768w, https://musiikkiarkisto.fi/ap/wp-content/uploads/2022/11/20221111_142544-01-1536x1171.jpeg 1536w, https://musiikkiarkisto.fi/ap/wp-content/uploads/2022/11/20221111_142544-01-2048x1562.jpeg 2048w, https://musiikkiarkisto.fi/ap/wp-content/uploads/2022/11/20221111_142544-01-1200x915.jpeg 1200w, https://musiikkiarkisto.fi/ap/wp-content/uploads/2022/11/20221111_142544-01-1980x1510.jpeg 1980w" sizes="auto, (max-width: 1024px) 100vw, 1024px" /><figcaption class="wp-element-caption">Kati Saltiola (Xamk), Risto Blomster (SKS), Tuula Åkerlund (Romano Missio), Pia Kara (Romano Missio). Kuvaaja: Mervi Limnell.</figcaption></figure>



<p>Palkinnonsaajat 2021</p>



<figure class="wp-block-image size-large"><img decoding="async" src="https://musiikkiarkisto.fi/ap/wp-content/uploads/2021/11/voittajat2021.jpg?w=1024" alt="" class="wp-image-965"/><figcaption class="wp-element-caption">Vasemmalta oikealle: Kelan edustaja Mira S. Heiskanen, tutkija Rita Paqvalén, Kansantalon toiminnanjohtaja Riku Ahola, projektityöntekijä Anu Järveläinen ja Kansan Arkiston johtaja Marita Jalkanen. Kuva: Marja Piiroinen-Honkanen<br></figcaption></figure>



<p>Palkinnonsaajat 2020</p>



<figure class="wp-block-gallery has-nested-images columns-default is-cropped wp-block-gallery-1 is-layout-flex wp-block-gallery-is-layout-flex">
<figure class="wp-block-image size-large"><img decoding="async" data-id="891" src="https://musiikkiarkisto.fi/ap/wp-content/uploads/2020/10/perttihakala-2.jpg?w=1024" alt="sdr" class="wp-image-891"/></figure>



<figure class="wp-block-image size-large"><img decoding="async" data-id="892" src="https://musiikkiarkisto.fi/ap/wp-content/uploads/2020/10/mattilukkarila-2.jpg?w=1024" alt="dav" class="wp-image-892"/></figure>



<figure class="wp-block-image size-large"><img decoding="async" data-id="893" src="https://musiikkiarkisto.fi/ap/wp-content/uploads/2020/10/pekkatahtinen-2.jpg?w=1024" alt="dav" class="wp-image-893"/></figure>
<figcaption class="blocks-gallery-caption wp-element-caption">Arkistoyhdistyksen syysseminaari 30.10.2020 zoomin välityksellä. <br>Vasemmalta Arkistojen päivän toimikunnan puheenjohtaja Pertti Hakala, keskellä Kavin johtaja Matti Lukkarila ja oikealla Kavin erikoissuunnittelija Pekka Tähtinen.</figcaption></figure>



<p></p>


<p><!--:sv--></p>
<p><!--:--><img loading="lazy" decoding="async" src="https://musiikkiarkisto.fi/ap/wp-content/uploads/2019/11/voittajat2019.jpg" alt="voittajat 2019" width="5184" height="3888" class="alignnone size-full wp-image-821"></p>
<p>Palkinnonsaajat 2019:<br />
Vasemmalta: Työväen arkiston johtaja Petri Tanskanen, tutkija Mikko Kosunen ja tutkija Marjaliisa Hentilä (Vuoden arkistoteko) sekä KAM-juridiikkaryhmän edustajat Juha Henriksson ja Jonas Lång (kunniamaininta). Kuva: Pirkko Taskinen</p>
<p><img decoding="async" src="https://musiikkiarkisto.fi/ap/wp-content/uploads/2018/11/neljavoittajaa.jpg?w=648" alt="neljavoittajaa"></p>
<p>Palkinnonsaajat 2018:<br />
Vasemmalta: Antti Virrankoski, Joni Krekola ja Jari Suutari Eduskunnan kirjastosta sekä kunniamaininnan saaneen projektin edustaja Jussi Jääskeläinen Helsingin kaupunginarkistosta. Kuva: Pekka Anttonen.</p>

<p>Palkinnonsaajat 2022 Palkinnonsaajat 2021 Palkinnonsaajat 2020 Palkinnonsaajat 2019: Vasemmalta: Työväen arkiston johtaja Petri Tanskanen, tutkija Mikko Kosunen ja tutkija Marjaliisa Hentilä (Vuoden arkistoteko) sekä KAM-juridiikkaryhmän edustajat Juha Henriksson ja Jonas Lång (kunniamaininta). Kuva: Pirkko Taskinen Palkinnonsaajat 2018: Vasemmalta: Antti Virrankoski, Joni Krekola ja Jari Suutari Eduskunnan kirjastosta sekä kunniamaininnan saaneen projektin edustaja Jussi Jääskeläinen Helsingin [&hellip;]</p>
