{"id":261,"date":"2017-05-09T09:52:32","date_gmt":"2017-05-09T06:52:32","guid":{"rendered":"https:\/\/arkistojenpaiva.wordpress.com\/?page_id=261"},"modified":"2025-08-18T13:08:30","modified_gmt":"2025-08-18T13:08:30","slug":"hem","status":"publish","type":"page","link":"https:\/\/musiikkiarkisto.fi\/ap\/index.php\/hem\/","title":{"rendered":"Arkivens dag"},"content":{"rendered":"\n<h3 class=\"wp-block-heading\">\u00c5rets arkivg\u00e4rning<\/h3>\n\n\n\n<h3 class=\"wp-block-heading\"><img loading=\"lazy\" decoding=\"async\" class=\"alignnone  wp-image-635\" src=\"https:\/\/musiikkiarkisto.fi\/ap\/wp-content\/uploads\/2018\/10\/sls_445_sls_445_13.jpg\" alt=\"SLS_445_SLS_445_13\" width=\"239\" height=\"315\" srcset=\"https:\/\/musiikkiarkisto.fi\/ap\/wp-content\/uploads\/2018\/10\/sls_445_sls_445_13.jpg 911w, https:\/\/musiikkiarkisto.fi\/ap\/wp-content\/uploads\/2018\/10\/sls_445_sls_445_13-228x300.jpg 228w, https:\/\/musiikkiarkisto.fi\/ap\/wp-content\/uploads\/2018\/10\/sls_445_sls_445_13-777x1024.jpg 777w, https:\/\/musiikkiarkisto.fi\/ap\/wp-content\/uploads\/2018\/10\/sls_445_sls_445_13-768x1012.jpg 768w\" sizes=\"auto, (max-width: 239px) 100vw, 239px\" \/><\/h3>\n\n\n\n<p class=\"has-text-align-center\">F\u00f6resl\u00e5 \u00c5rets arkivg\u00e4rning 2025.<br> <a href=\"https:\/\/musiikkiarkisto.fi\/ap\/index.php\/arets_arkivgarning\/\">L\u00e4s mera<\/a> \u00bb<\/p>\n\n\n\n<h3 class=\"wp-block-heading\">\u00c5rets tema<\/h3>\n\n\n\n<h3 class=\"wp-block-heading\"><img loading=\"lazy\" decoding=\"async\" class=\"alignnone wp-image-1109 size-medium\" src=\"https:\/\/musiikkiarkisto.fi\/ap\/wp-content\/uploads\/2022\/06\/rauhanmarssi_1962-300x281.jpg\" alt=\"rauhanmarssi 1962\" width=\"300\" height=\"281\" srcset=\"https:\/\/musiikkiarkisto.fi\/ap\/wp-content\/uploads\/2022\/06\/rauhanmarssi_1962-300x281.jpg 300w, https:\/\/musiikkiarkisto.fi\/ap\/wp-content\/uploads\/2022\/06\/rauhanmarssi_1962.jpg 459w\" sizes=\"auto, (max-width: 300px) 100vw, 300px\" \/><\/h3>\n\n\n\n<p class=\"has-text-align-center\">\u00c5rets tema 2025 \u00e4r <strong><strong>Natur och friluftsliv<\/strong><\/strong><br> <a href=\"https:\/\/musiikkiarkisto.fi\/ap\/index.php\/arets-tema-finland-100\/\" data-type=\"page\" data-id=\"476\">L\u00e4s mera<\/a> \u00bb<\/p>\n\n\n\n<p class=\"has-text-align-center\"><\/p>\n\n\n\n<p><em>Bildk\u00e4llor: <\/em><\/p>\n\n\n\n<p><em>Poikia (1925) ja perhe hevosineen (1924), Foto: Ida Malmberg. SLS 1432.<br>\nLukeva nainen (noin 1900), Foto: Gustav Sandberg. SLS 1849.<\/em><\/p>\n\n\n\n<p><em>Man med stol (1932), Foto: Maximilian Stejskal. SLS 445.<\/em><\/p>\n\n\n\n<p><em>Rauhanmarssi (1962), Kuva: Yrj\u00f6 Lintunen. Kansan Arkisto KansA135135.<\/em><\/p>\n\n\n\n<p><\/p>\n\n\n\n<p class=\"has-text-align-center\"><\/p>\n","protected":false},"excerpt":{"rendered":"<p>\u00c5rets arkivg\u00e4rning F\u00f6resl\u00e5 \u00c5rets arkivg\u00e4rning 2025. L\u00e4s mera \u00bb \u00c5rets tema \u00c5rets tema 2025 \u00e4r Natur och friluftsliv L\u00e4s mera \u00bb Bildk\u00e4llor: Poikia (1925) ja perhe hevosineen (1924), Foto: Ida Malmberg. SLS 1432. Lukeva nainen (noin 1900), Foto: Gustav Sandberg. SLS 1849. Man med stol (1932), Foto: Maximilian Stejskal. SLS 445. Rauhanmarssi (1962), Kuva: Yrj\u00f6 [&hellip;]<\/p>\n","protected":false},"author":1,"featured_media":694,"parent":0,"menu_order":0,"comment_status":"closed","ping_status":"closed","template":"page-templates\/full-width-page.php","meta":{"footnotes":""},"class_list":["post-261","page","type-page","status-publish","has-post-thumbnail","hentry"],"_links":{"self":[{"href":"https:\/\/musiikkiarkisto.fi\/ap\/index.php\/wp-json\/wp\/v2\/pages\/261","targetHints":{"allow":["GET"]}}],"collection":[{"href":"https:\/\/musiikkiarkisto.fi\/ap\/index.php\/wp-json\/wp\/v2\/pages"}],"about":[{"href":"https:\/\/musiikkiarkisto.fi\/ap\/index.php\/wp-json\/wp\/v2\/types\/page"}],"author":[{"embeddable":true,"href":"https:\/\/musiikkiarkisto.fi\/ap\/index.php\/wp-json\/wp\/v2\/users\/1"}],"replies":[{"embeddable":true,"href":"https:\/\/musiikkiarkisto.fi\/ap\/index.php\/wp-json\/wp\/v2\/comments?post=261"}],"version-history":[{"count":15,"href":"https:\/\/musiikkiarkisto.fi\/ap\/index.php\/wp-json\/wp\/v2\/pages\/261\/revisions"}],"predecessor-version":[{"id":1314,"href":"https:\/\/musiikkiarkisto.fi\/ap\/index.php\/wp-json\/wp\/v2\/pages\/261\/revisions\/1314"}],"wp:featuredmedia":[{"embeddable":true,"href":"https:\/\/musiikkiarkisto.fi\/ap\/index.php\/wp-json\/wp\/v2\/media\/694"}],"wp:attachment":[{"href":"https:\/\/musiikkiarkisto.fi\/ap\/index.php\/wp-json\/wp\/v2\/media?parent=261"}],"curies":[{"name":"wp","href":"https:\/\/api.w.org\/{rel}","templated":true}]}}

<h3 class="wp-block-heading">Årets arkivgärning</h3>



<h3 class="wp-block-heading"><img loading="lazy" decoding="async" class="alignnone  wp-image-635" src="https://musiikkiarkisto.fi/ap/wp-content/uploads/2018/10/sls_445_sls_445_13.jpg" alt="SLS_445_SLS_445_13" width="239" height="315" srcset="https://musiikkiarkisto.fi/ap/wp-content/uploads/2018/10/sls_445_sls_445_13.jpg 911w, https://musiikkiarkisto.fi/ap/wp-content/uploads/2018/10/sls_445_sls_445_13-228x300.jpg 228w, https://musiikkiarkisto.fi/ap/wp-content/uploads/2018/10/sls_445_sls_445_13-777x1024.jpg 777w, https://musiikkiarkisto.fi/ap/wp-content/uploads/2018/10/sls_445_sls_445_13-768x1012.jpg 768w" sizes="auto, (max-width: 239px) 100vw, 239px" /></h3>



<p class="has-text-align-center">Föreslå Årets arkivgärning 2025.<br> <a href="https://musiikkiarkisto.fi/ap/index.php/arets_arkivgarning/">Läs mera</a> »</p>



<h3 class="wp-block-heading">Årets tema</h3>



<h3 class="wp-block-heading"><img loading="lazy" decoding="async" class="alignnone wp-image-1109 size-medium" src="https://musiikkiarkisto.fi/ap/wp-content/uploads/2022/06/rauhanmarssi_1962-300x281.jpg" alt="rauhanmarssi 1962" width="300" height="281" srcset="https://musiikkiarkisto.fi/ap/wp-content/uploads/2022/06/rauhanmarssi_1962-300x281.jpg 300w, https://musiikkiarkisto.fi/ap/wp-content/uploads/2022/06/rauhanmarssi_1962.jpg 459w" sizes="auto, (max-width: 300px) 100vw, 300px" /></h3>



<p class="has-text-align-center">Årets tema 2025 är <strong><strong>Natur och friluftsliv</strong></strong><br> <a href="https://musiikkiarkisto.fi/ap/index.php/arets-tema-finland-100/" data-type="page" data-id="476">Läs mera</a> »</p>



<p class="has-text-align-center"></p>



<p><em>Bildkällor: </em></p>



<p><em>Poikia (1925) ja perhe hevosineen (1924), Foto: Ida Malmberg. SLS 1432.<br>
Lukeva nainen (noin 1900), Foto: Gustav Sandberg. SLS 1849.</em></p>



<p><em>Man med stol (1932), Foto: Maximilian Stejskal. SLS 445.</em></p>



<p><em>Rauhanmarssi (1962), Kuva: Yrjö Lintunen. Kansan Arkisto KansA135135.</em></p>



<p></p>



<p class="has-text-align-center"></p>

<p>Årets arkivgärning Föreslå Årets arkivgärning 2025. Läs mera » Årets tema Årets tema 2025 är Natur och friluftsliv Läs mera » Bildkällor: Poikia (1925) ja perhe hevosineen (1924), Foto: Ida Malmberg. SLS 1432. Lukeva nainen (noin 1900), Foto: Gustav Sandberg. SLS 1849. Man med stol (1932), Foto: Maximilian Stejskal. SLS 445. Rauhanmarssi (1962), Kuva: Yrjö [&hellip;]</p>
